5 is divided by w?
2
Calculate the remainder when 403 is divided by 23/207 + (-9906)/(-27).
36
Suppose 13*p = 11*p - 12. Calculate the remainder when 23 is divided by 18 + 24/p + 1.
8
Let t = 4212 - 4157. What is the remainder when 2360 is divided by t?
50
Suppose 2*h + 15 + 21 = 4*p, 10 = -5*h. Let k = 57 + -50. What is the remainder when (p/(-10))/((-1)/((-165)/(-6))) is divided by k?
1
Let q = 158 - 111. Let x(k) = -k**3 - 18*k**2 + 206*k - 34. Calculate the remainder when q is divided by x(-26).
11
Let q(x) = -x. Let p(o) = -13*o + 53. Let l(c) = -p(c) + q(c). Calculate the remainder when l(9) is divided by 20.
15
Let d(m) = -4*m**2 - 2*m - 1. Let f be d(-1). Let g be (-41 - -45)*(0 + (-4)/(-2 + -2)). Calculate the remainder when f/g + 975/100 is divided by 6.
3
Let k = -7 + 14. Let q(p) = -p**2 + 21*p - 77. Let x = -1403 + 1419. Calculate the remainder when k is divided by q(x).
1
Suppose 15*f - 81 = 14*f. Let j = 99 - f. Let x = j + -10. Calculate the remainder when 30 is divided by x.
6
Let n be 40/16*((-42)/10 - -5). Suppose -g + 27 = n*x, x = -3*g - x + 61. Let z = -5 + 31. Calculate the remainder when z is divided by g.
9
Let p(z) = 8*z - 37. Let m be p(5). Suppose m*y = 5*a + 32 + 254, 5*y = 2*a + 502. Calculate the remainder when y is divided by 26.
24
Let o(p) = p**3 + 6*p**2 + p + 4. Let l be o(-4). Suppose -31*f = -l*f. Suppose 915 = -f*a + 5*a. What is the remainder when a is divided by 46?
45
Let r = -26 + 21. Let a be (r/((-10)/(-174)))/(-1). Suppose 51 = a*u - 84*u. Calculate the remainder when 50 is divided by u.
16
Let s(v) = 3*v**3 + 2. Let w be s(-3). Let g = -61 - w. Calculate the remainder when 966/4 - g/12 is divided by 27.
24
Suppose 15*h + 22 = 13*h. Let d = h - -17. Let k(y) = -y**2 + 6*y + 12. What is the remainder when k(d) is divided by 8?
4
Let r = 28 + -5. Let v = -11 + r. Let y = 22821 + -22816. Calculate the remainder when v is divided by y.
2
Let k = -198 + 235. Let l be 27*(-3 + (-4)/(-2)). Let g = k + l. What is the remainder when 78 is divided by g?
8
Calculate the remainder when (-1542*(-14)/12)/1 is divided by 6.
5
Let r(v) = -6 - 1 - 3*v - v + 5*v. Let b be r(7). Suppose b = 5*w - 80 - 40. Calculate the remainder when 94 is divided by w.
22
Let m = 15 - 6. Suppose 0 = 3*x - m - 6. Suppose 4*d = 5*p - 21, 2*p - 25 = -2*p - x*d. What is the remainder when 7 is divided by p?
2
Suppose -4 - 38 = -2*c - 3*n, 2*c - 3*n = 66. What is the remainder when (-24 - (-13584)/176) + (-2)/11 is divided by c?
26
Suppose -6*y = -0*y. Suppose -23*f + 3831 + 884 = y. Let x = 19 + 33. What is the remainder when f is divided by x?
49
Suppose 29*m - 10 = 24*m. Suppose m*o = -2*s + 110, -4 + 6 = -o. What is the remainder when s is divided by 3?
0
Let a(f) = f**2 - 4*f - 12. Let o be a(6). Calculate the remainder when 240 is divided by -10 - (0 - 10) - (-27 - o).
24
Suppose 144*j - 3199 = 2507 + 3078. Let g be (-3 - -1)*(-10)/4. Suppose -g = 2*p - 21. Calculate the remainder when j is divided by p.
5
Let a(w) = -42*w + 24. Let q(g) = 8*g - 5. Let h(i) = -2*a(i) - 11*q(i). What is the remainder when h(-16) is divided by 8?
7
Let s(z) = 2*z**2 - 100*z - 895. Calculate the remainder when 6037 is divided by s(-8).
31
Let m(r) be the third derivative of -r**4/8 - 10*r**3/3 - 23*r**2. Let q be m(12). Let j = 75 + q. Calculate the remainder when j is divided by 5.
4
What is the remainder when (25/5 - 3)*15085/70 is divided by 137?
20
Let f(x) = 4*x**2 - 3*x - 6. Let s be f(-4). Let w be (3 - (14 + -11))/(-3 - -1). Suppose w = v - s - 31. Calculate the remainder when v is divided by 26.
23
Suppose 26*b - 16 = 27*b - 5*d, -d + 4 = -b. Let o = -4 - -17. Calculate the remainder when 1 + b/7 + 18510/210 is divided by o.
11
Let d = 71 - 68. Suppose 2*r - 15 = 5*i, 9*r + 9 = 8*r - d*i. Suppose z - 3*z = r, -4*k - 4*z = -64. Calculate the remainder when k is divided by 5.
1
Suppose 0 = 7*n + 105 - 140. Calculate the remainder when 285 is divided by (n/10)/(-5*4/(-2960)).
63
Suppose 0*o + 645 = 5*o. Calculate the remainder when o is divided by (-1584)/32*(-52)/78.
30
Let s be ((-6)/(-4))/(6/40). Suppose -2*r - s - 4 = -z, -z + 22 = 2*r. What is the remainder when z is divided by 12?
6
Let w be ((0/2)/3)/(-2). Suppose -4*z + 5*x + 133 = 0, w = 4*z + z - 2*x - 162. Calculate the remainder when 665*(-17 - (-1920)/112) is divided by z.
31
Let i = -6669 + 6966. Calculate the remainder when i is divided by 75.
72
Suppose -4*h + 4*i + 24784 = 0, 27*h = 30*h - 4*i - 18593. Calculate the remainder when h is divided by 24.
23
Suppose 0 = 4*b - 4*w - 14 - 38, -84 = -4*b - 4*w. Let r = -2730 - -2741. Calculate the remainder when b is divided by r.
6
Let g = 34 - 26. Let k be ((-6)/(-4))/(((-9)/g)/(-3)). Calculate the remainder when (-1)/k - (-85)/4 is divided by 12.
9
Let g be ((-4)/4 - -2)*2. Suppose -g - 17 = -u. Suppose 52*y - 77*y - 1130 = -35*y. Calculate the remainder when y is divided by u.
18
Let i(a) = 3*a**2 - 12*a - 17. Let k = -36 + 47. What is the remainder when i(k) is divided by 54?
52
Let u = -5661 - -5909. Calculate the remainder when u is divided by 25.
23
Let y = 2842 + -2725. What is the remainder when 13805 is divided by y?
116
Suppose -2*o = -3*v + 278 - 98, 0 = 5*v + 5*o - 300. Suppose -v = -4*j - 0*j. Calculate the remainder when -20 - -85 - (9 + 3) is divided by j.
8
Suppose -a + 87 + 364 = 3*s, -3*a - 2*s + 1353 = 0. What is the remainder when a is divided by 65?
61
Let c = 391 + -494. Let b(q) = -2*q**2 + q + 1. Let s be b(-5). Let v = s - c. Calculate the remainder when v is divided by 10.
9
Let i = 232 - 60. Calculate the remainder when 701 is divided by i.
13
Let t(w) = 9*w + 22. What is the remainder when 1667 is divided by t(13)?
138
Let v = -6097 - -7447. What is the remainder when v is divided by 192?
6
Let l be (-2962)/(-4)*10/5. Suppose 0 = 8*v - l + 305. Calculate the remainder when v is divided by 39.
30
Let t = 4 - 3. Let b(i) be the third derivative of 4*i**4/3 + 5*i**3/6 + 1086*i**2. What is the remainder when 146 is divided by b(t)?
35
Suppose 45 = x + 2*x. Let d(t) = 6*t**3 + 3*t**2 + 3*t + 1. Let w be d(3). Suppose 59 = 6*f - w. What is the remainder when f is divided by x?
13
Suppose g = -3*c + 32, -2*c + 98 = 2*g + 2*g. Calculate the remainder when (-1 - 5/(-4))/(329/180292) is divided by g.
22
Suppose -319*k = -207*k - 16912. Calculate the remainder when 600 is divided by k.
147
Suppose -12*w + 501 + 1599 = 0. Let l = w + -92. Calculate the remainder when l is divided by 17.
15
Let m be (3 - 27/6)/((-6)/16). Let z = -29 - -34. Suppose -4*d = 2*i, -z*i = m*d - 34 + 4. What is the remainder when 13 is divided by i?
3
Let k = 57 + -28. Calculate the remainder when (-2 - (-5)/3)/(8*4/(-8256)) is divided by k.
28
Let x be 8/(-6 - -70) - 55/(-8). Suppose 0 = 4*y + 3*l - x*l - 396, 99 = y - 5*l. What is the remainder when y is divided by 29?
12
Let s = 2641 - 1260. Calculate the remainder when s is divided by 35.
16
What is the remainder when 895 is divided by (-4)/12*127*(5 + -8)*1?
6
Suppose 3*j - 478 = 58*y - 54*y, 0 = -2*j - 2*y + 286. Calculate the remainder when 17849 is divided by j.
149
Calculate the remainder when 114 is divided by 2*(-42)/112 - (-213)/12.
12
Let i(h) = h**3 + 6*h**2 - 6*h + 33. What is the remainder when 542 is divided by i(-6)?
59
Let u = -2156 - -2243. Calculate the remainder when 342 is divided by u.
81
Let f = 544 - 873. Let b = -108 - f. What is the remainder when b is divided by 32?
29
Suppose -2*i + g + 218 = 0, i + 300*g = 296*g + 91. What is the remainder when 547 is divided by i?
12
What is the remainder when 636/265 + (-2716)/(-10) is divided by 33?
10
Let w(m) be the second derivative of -m**5/20 - m**4/3 + 19*m**3/6 + 21*m**2/2 - 180*m. Let d = 324 + -117. Calculate the remainder when d is divided by w(-7).
32
Suppose -7*u = -2*u - 10. Suppose 6*s + 3*r - 49 = s, u*r - 38 = -4*s. What is the remainder when 77 is divided by s?
5
Suppose -16442 = -10*i - 0*i + 16678. Calculate the remainder when i is divided by 13.
10
Let n be 6/(-27) + 8840/(-72) + 5. Let i = -83 - n. What is the remainder when i is divided by -5*(4/(-10) + -2)?
11
Suppose 1086 = 30*d - 26*d + 5*j, 5*d - 1347 = -j. Calculate the remainder when d is divided by 106.
57
Suppose -6*q - 21 = -5*q. Suppose -5*